of 427 - 395 - (72 - -2) - 34?
-76
What is 16 + -17 + 7 + (4 - 3 - (4 + 0))?
3
-4 - (-2 + -1 + (11 - -11))
-23
Calculate (10 - 0) + -81 + 20 + 74.
23
Evaluate 8 + (11 - (-6 + (-3 - 3) + 2 + 108)).
-79
What is 113 - 44 - (-6 + 6 + -4 + 0 - -9)?
64
What is (16 - (1 - (-6 + -10 + 8))) + 21?
28
Evaluate -6 - (-4 - (10 - (1 + 0)) - (-8 + -4)).
-5
What is the value of 10 + -83 + -1 + 5 + (392 - 369)?
-46
40 + 1 - (441 + -410) - -59
69
What is the value of 2 - ((9 - -1) + (11 - 45)) - 13 - -26?
39
What is the value of 55 - (-14 + 7 + 8 + -2 + -1 + -6)?
63
Evaluate (3 - -30) + (-25 - (-112 - -104)).
16
Calculate 2 - (137 + -103 - 67).
35
Evaluate -200 + 197 + -36 + -2 - (1 + -12).
-30
What is the value of -5 + (12 - 57) + 16 + 3?
-31
Evaluate 3751 + -3774 - (0 + 0 + 5 + 2 + -4).
-26
Evaluate -63 + 67 + (-23 - -42).
23
Evaluate (-19 - (-33 + 6 + 8)) + 3 + 16.
19
What is the value of -1 + 0 - ((27 - 5) + (47 - 13 - 169))?
112
(-1 + 3 - (2 - 27)) + -9 + 26 + -20
24
What is -6 - -9 - 85 - -4 - (3 + (-33 - -22))?
-70
What is the value of 28 + 27 + -54 + 112?
113
What is 560 + -573 + -8 + 0 + 16 - (0 - 25)?
20
What is 14 + -29 + 44 + -56?
-27
What is the value of 129 + -117 - ((64 - (-4 + 8)) + 0)?
-48
Evaluate 9 - (2 - 8 - -5) - (-53 + 47).
16
Calculate 24 + (-5 - (29 - (-30 + 83))).
43
Evaluate 77 + (31 - 17) + (0 - -7 - (4 - -3)).
91
Evaluate -3 + -80 + -2132 + 2172.
-43
What is the value of 1 + 74 - ((14 - -89) + -97)?
69
Calculate (-15 - 55) + 70 - (8 - 1).
-7
What is the value of 0 + -38 + -53 + (71 - 33)?
-53
-111 + 156 + 0 + 5 - (1 - 2 - -7)
44
What is -15 - -36 - (-3 - -7) - (41 - 70)?
46
2 + 35 + 0 + -58
-21
What is the value of 518 - 515 - (-4 - (62 - -8) - 6)?
83
2 - (50 + -21 + -15)
-12
What is -2 + (1 - (18 + (-3 - 22)))?
6
(17 - 147) + 14 + 33 + -15
-98
What is -4 - -4 - (-2 - (-37 + (37 - -68)))?
70
Calculate 87646 + -87627 - (81 + -2 + (2 - 0)).
-62
-35 - (55 + (24 - 55) - 7)
-52
Calculate (11 - 0) + 5 + (86 - -7) + (12 - 32).
89
Evaluate (-2 - (-2 + 6) - -12) + -16 + -3 + 18.
5
Evaluate (-81 - -54) + -6 - (-4 + -8).
-21
What is -104 - (-118 + 65) - -96?
45
24 - ((-4 - -27) + -14) - (-24 - 8)
47
-92 - (0 - 12 - (1 - (7 - 4))) - 11
-93
Calculate 69 - (-4 - -48 - -8).
17
-8 + (-27 - -15) + (15 - 15)
-20
Evaluate (20 + -15 - 69) + 57.
-7
(2 + 15 - -2) + -105 + 124 + -20 + 1
19
What is the value of 0 + -37 - (17 + (28 - (34 + -2)))?
-50
What is the value of -277 + 268 - ((-5 - -4 - 6) + 22)?
-24
-5 + -8 + 35 + -2 + -4 - 11 - 12
-7
Calculate 47 - 1 - (17 + (-11 - 15 - -14)).
41
Evaluate 8 + -47 - -2 - (53 + -31).
-59
Calculate (5 - (12 - 0)) + 15 + 0 + (5 - 19).
-6
15 - (8 + 3 - (264 - 274))
-6
62 + -51 - -30 - (1 - 10)
50
(-1 - 1) + 11 + -9 - (758 + -732)
-26
Evaluate 2 + 5 + (-264 - -288).
31
3 - ((87 - 95) + (-1 + 25 - 2))
-11
What is the value of -22 - (-97 - -15 - -39)?
21
What is the value of -9 + (21 - (8 - -5)) + (-8 - (-6 + 57))?
-60
What is the value of (10 - 48 - (39 - 109)) + 83?
115
25 - 14 - 9 - (-3 + 11 + 1)
-7
Calculate 50 + (-5 - (-21 + 34 - -2)).
30
What is the value of 1 + (1 - 2) + -66 - (7 + -34 + 34)?
-73
What is -671 + 602 + 6 + -25 + -1?
-89
(-85 - 6) + (-15 + 2 - (-21 + 11 + 3))
-97
What is (8 - -2) + (24 - (61 + -26 + 26))?
-27
(-2 + 4 - (-15 + 61 - 33)) + (1 - 9)
-19
19010 + -19068 + (-1 - (-3 + 4 + -2))
-58
Evaluate 94 + 1 + -204 + (86 - -86).
63
Evaluate -21 + (6 - 1) + 14 + -5 + -64 + -2.
-73
Evaluate -6 - (-10 - (-103 + 80 - (2 - 1))).
-20
(404 - 422) + -64 + (-6 + 0 - -2)
-86
140 + (5 - (0 - -141))
4
What is the value of -5 - ((-32 - (-16 - 6 - -7)) + -35)?
47
What is the value of 69 + 13 + -29 + -14?
39
(3 + 12 - 15) + 39
39
32 + -1 + (11 - 8) + (3 - -7 - 11)
33
What is -38 + (77 - (107 + -15))?
-53
-26 - (65 - 45) - (-1 + -9 + -1)
-35
Calculate -3 + -10 + 18 + 0 + -1 + -10 + -34.
-40
What is the value of (-15 - (-39 + -106)) + -15?
115
What is the value of -24 - (316 + -380 - (-23 - -2))?
19
What is (48 - (4 + -1)) + -19 + 14 + -27 + 22?
35
Evaluate 2 + (-65 - -66 - (6 + -1)) + 10 + 28.
36
(29 - 13) + -92 + -41 + (0 - 13)
-130
Evaluate (-6 + 3 - -2 - ((17 - 5) + -15)) + -14.
-12
40 + (-36 - (-14 + 10 - 13) - -3)
24
27 - -76 - (0 + 54)
49
Calculate 1758 - 1734 - (-26 + -1).
51
Calculate 71 + (39 - 96) + 9.
23
Evaluate -19 - (-38 + (-45 + 37 - -13)).
14
Calculate -80 - ((100 - 200) + -18).
38
What is the value of (16 - (42 + (-1 - -5))) + 14?
-16
Evaluate 1 + 102 + (6 - (0 - -4)) + (41 - 38).
108
What is the value of (-25 - (7 - -2)) + -10 + (-5 - -9)?
-40
What is 4 + -3 + (0 + 0 - 25) + -1081 + 1090?
-15
Evaluate -10 - -6 - (6 + 3 + 5 + -5 + 33).
-46
Calculate 35 + 7 + (-15 + 34 - -1).
62
Calculate (-66 - -23) + -23 + 30.
-36
What is the value of 52 - 46 - (0 - -5)?
1
Calculate -21 + (-14 - -46) + -54.
-43
Evaluate 102 - ((95 - 32) + 95).
-56
Calculate (41 - 92 - -85) + -1 + (0 - 16).
17
24 + (-9 + -76 - (-11 - -7))
-57
Calculate (1 - (6 - 1)) + (-12 - 31) + -9.
-56
(-2 + -8 - -10) + (-2 - -49 - (45 - 46))
48
What is the value of 43 - (-14 + (23 - 19 - (0 - -4)))?
57
Evaluate -4 - (19 - (6 + 48)).
31
Evaluate -7 - ((-96 + -5 - -25) + 8).
61
Calculate (-15 - 1 - (24 - (-11 + -19))) + (4 - 1).
-67
Calculate -11 - (12 + (16 - -97 - (-2 - -15))).
-123
What is the value of (-18 + (31 - 0) - -6 - -3) + -6?
16
What is the value of -39 + -29 + 87 + -9?
10
What is -1112 + 1146 + (-2 - -4) + -6?
30
What is -27 + (37 - 7) + (6 - ((8 - -57) + -4))?
-52
What is -125 + -2 - (-79 + (109 - 64))?
-93
Calculate -114 + (67 - 84) + (24 - -1).
-106
What is the value of (1 + 64 - (2 + -2)) + 60 + (3 - 72)?
56
Calculate -2248 + 2220 - (7 - ((-2 - -2) + (3 - 4))).
-36
Calculate 35 - (91 + (-3 - (-7 + 19))).
-41
Evaluate (-3 - 102) + (4030 - 3908).
17
24 + -4 + 16 + (-16 - -6) + (-7 - -5)
24
Calculate 1 + (-5 - -37) + -47 + (2 - -2).
-10
-11 + (-26 + 1 - -5 - -12)
-19
What is the value of -4 + 2 + 19 - (21 + -2 + -18)?
16
What is the value of (-2136 - -2180) + -34 + -7?
3
What is the value of -1 - 25 - 8 - (-3 + (13 - 1))?
-43
What is -8 + -37 - (-48 + 47 + -33)?
-11
Calculate (4 - 10) + (16 - 1) - (47 + 12).
-50
Evaluate -31 + (21 - 39) + 49.
0
What is the value of -1 - -2 - (-59 + -4 + 65) - (-28 - 1)?
28
What is (13 + -40 - -65) + 0 + (-7 - 1)?
30
186 + 22 - (70 + 55)
83
What is the value of -84 - (39 + -49 - -2)?
-76
-24 + (18 - 11) + 0 + 14 + -1 + 129
125
What is the value of -28 - (4 - 11) - (-276 - -202)?
53
What is the value of 30413 + -30401 - ((0 - -64) + (1 - 0))?
-53
Calculate (-5 - -13) + -18 + 44.
34
169 + -155 + 0 + 2
16
Evaluate -9 + -8 + -235 + 267.
15
43 - (-29 - 11) - 123
-40
Calculate -4 + (3 - (15 - (14 + 12))) - -6.
16
Evaluate (84 - 80) + 33 + 19 + -42.
14
-21 + 42 + (-70 - -36) + -109
-122
-23 + (1 - (13 - (5 - 0) - 0))
-30
Evaluate -22 - ((1 - 14) + 16 + (4 - -4)).
-33
Evaluate -11 - (11 - (9 - 2) - 5) - 27.
-37
Evaluate (-88 - (-114 - -47)) + 34.
13
Evaluate -68 + (100 - (-50 - -62)).
20
What is (1372 - 1495) + (13 - -50)?
-60
(-4 + 7 - 4) + 10 - (150 - 91)
-50
What is the value of -59 + (205 - 56) + -8?
82
1 + -6 + (46 + -7 - 53) - -59
40
24 - (-97 - (-36 + 0))
85
Calculate (-4 - -26) + -37 - (0 - -3).
-18
What is (95 - (27 + (79 - 30))) + (0 - -1) + -5?
15
Evaluate 79 - (21 + 16) - 14.
28
What is -120 + (54 - 6) - -39?
-33
What is -192 + 152 - (-30 + 4) - (3 - -1 - -2)?
-20
Calculate -63 - 3 - 3 - (16 + 0 - (220 - 208)).
-73
What is the value of -138 - (19 + 0 + -81)?
-76
Evaluate 29 + (32 - -13) - 38.
36
What is the value of 121 - 112 - (17 + 1) - (-102 + 184)?
-91
Calculate 11 + (53 - (-64 - -80)).
48
What is the value of 79 - 25 - (-23 + 12 - (-5 - -6))?
66
Calculate (101 - (-40 - -85)) + -93.
-37
What is -36 - (27 + -71) - -16?
24
What is the value of -6 + 17 + 5 + (-670 - -733)?
79
What is (15 - 0) + 482 + -461 + 16?
52
What is 153 + -56 + -85 - -40?
52
Evaluate (3 - (-3 + (6 - 3))) + (-187 - -175).
-9
What is the value of 10 - (6 + -6 + -13 + (-7 - -15))?
15
What is the value of -98 - -8 - (542 + -609)?
-23
What is 34 + (-12 - -9) - (86 + -81)?
26
What is (16 - -21) + -618 + 654?
73
(-27 + 0 - (107 - 125)) + -3
-12
7 - (-5 + 39 - (123 + -114))
-18
What is 3172 - 3244 - (-4 - 1)?
-67
-35 + 237 - (367 + -260)
95
-1 - (4 - -14 - (-10 + 43))
14
Evaluate -19 + 35 - -32 - 93.
-45
What is -47 - (33 - (121 